227 (base 10) to base 6.
-203043
What is -111101010110101 (base 2) in base 15?
-9493
What is 102400 (base 5) in base 16?
d93
What is -211122002 (base 3) in base 8?
-40163
Convert 210 (base 10) to base 12.
156
Convert -122120 (base 3) to base 2.
-111011010
Convert 7550 (base 8) to base 4.
331220
Convert 1000010000 (base 2) to base 13.
318
Convert -6036 (base 7) to base 8.
-4045
What is 100015 (base 7) in base 11?
11700
Convert -1cb32 (base 13) to base 2.
-1101110111111001
Convert da (base 15) to base 6.
541
-1566 (base 15) to base 10
-4596
What is 2956 (base 13) in base 15?
1b91
What is -4244 (base 5) in base 15?
-284
Convert 31152 (base 7) to base 10.
7632
4103 (base 8) to base 2
100001000011
-3058 (base 9) to base 7
-6350
3002 (base 4) to base 13
11c
What is 13a37 (base 11) in base 4?
10312230
What is -3645 (base 9) in base 11?
-2048
-140d (base 14) to base 11
-272a
Convert 1110000100110 (base 2) to base 12.
4206
Convert 13330 (base 4) to base 11.
422
What is -2501 (base 6) in base 16?
-265
Convert 432 (base 12) to base 13.
383
What is -4829 (base 12) in base 4?
-1332201
What is 239 (base 14) in base 3?
121102
What is 332101 (base 6) in base 7?
143500
Convert ab3 (base 12) to base 10.
1575
What is -220102 (base 3) in base 15?
-2de
23113 (base 5) to base 4
121322
What is 551 (base 13) in base 10?
911
-13341 (base 5) to base 14
-584
101111010110 (base 2) to base 5
44110
101111 (base 2) to base 4
233
200000101 (base 3) to base 7
53200
78b (base 16) to base 7
5426
Convert 1001101010111 (base 2) to base 15.
1701
98e (base 15) to base 16
86f
8828 (base 10) to base 15
2938
-33430 (base 6) to base 9
-6400
Convert -100111111010 (base 2) to base 8.
-4772
What is 101151 (base 6) in base 5?
224214
-100313 (base 4) to base 7
-3101
Convert a354 (base 13) to base 9.
33831
What is e07 (base 15) in base 3?
11022221
What is -158a (base 16) in base 11?
-4163
Convert 42b (base 14) to base 12.
587
What is 52563 (base 8) in base 10?
21875
Convert -111022 (base 3) to base 8.
-547
Convert -41 (base 13) to base 12.
-45
-16174 (base 12) to base 11
-215a8
Convert 4068 (base 12) to base 10.
6992
Convert -200110 (base 3) to base 5.
-3443
-110000101111111 (base 2) to base 12
-1253b
-126104 (base 7) to base 15
-7065
What is 24 (base 8) in base 4?
110
What is -101101000110110 (base 2) in base 5?
-1214334
20200222 (base 3) to base 13
22bb
What is 1232 (base 15) in base 12?
22a8
What is 2643 (base 10) in base 6?
20123
64117 (base 8) to base 10
26703
Convert 2059 (base 10) to base 7.
6001
134300 (base 5) to base 15
19ba
Convert -3356 (base 8) to base 14.
-90a
Convert 10021 (base 5) to base 11.
529
Convert 1aa1 (base 12) to base 10.
3289
203530 (base 6) to base 2
100000000001110
What is 52 (base 11) in base 12?
49
What is 199 (base 10) in base 11?
171
1520 (base 11) to base 4
132212
What is -2235 (base 6) in base 7?
-1352
Convert 6065 (base 11) to base 6.
101145
What is 100001111 (base 2) in base 7?
535
Convert -112 (base 14) to base 11.
-183
Convert -771 (base 9) to base 7.
-1561
111211 (base 3) to base 14
1c9
Convert 1db (base 14) to base 8.
605
4784 (base 11) to base 2
1100001110111
What is -2011321 (base 4) in base 14?
-31a1
14722 (base 9) to base 7
41225
-a525 (base 12) to base 8
-43155
-156 (base 16) to base 9
-420
1211220 (base 5) to base 12
11165
Convert -2638 (base 11) to base 4.
-311211
1535 (base 10) to base 3
2002212
Convert -2155 (base 7) to base 12.
-547
What is -101013213 (base 4) in base 15?
-15b99
31f (base 16) to base 5
11144
13561 (base 8) to base 5
143001
-683 (base 11) to base 15
-397
-1331301 (base 5) to base 4
-12213010
Convert -7325 (base 14) to base 9.
-30172
-1011110010 (base 2) to base 15
-354
Convert 560 (base 12) to base 7.
2211
What is 1225 (base 6) in base 16?
131
-cf9 (base 16) to base 2
-110011111001
110 (base 4) to base 2
10100
Convert -14d (base 16) to base 12.
-239
What is -1501334 (base 6) in base 7?
-505246
3092 (base 14) to base 2
10000010101000
What is -10001010111 (base 2) in base 5?
-13421
What is -101100011010011 (base 2) in base 14?
-8403
Convert -479c (base 14) to base 4.
-3003012
What is -12000011 (base 3) in base 2?
-111001000001
-884 (base 13) to base 6
-10432
-c376 (base 15) to base 8
-120506
Convert -11733 (base 8) to base 10.
-5083
What is 875 (base 14) in base 7?
4605
Convert -116b (base 14) to base 6.
-22015
What is -2384 (base 12) in base 3?
-12110201
-344 (base 13) to base 4
-20303
Convert 1441 (base 8) to base 3.
1002200
Convert -3310 (base 4) to base 13.
-15a
-331001 (base 5) to base 15
-3586
What is 2124 (base 8) in base 12?
784
What is -65a1 (base 11) in base 16?
-21fe
What is -114 (base 10) in base 3?
-11020
Convert -6a9 (base 11) to base 9.
-1138
24343 (base 5) to base 12
10a0
What is -1200022 (base 4) in base 6?
-44254
What is 4172 (base 10) in base 2?
1000001001100
What is 12bb8 (base 12) in base 16?
653c
What is -111100111 (base 2) in base 13?
-2b6
Convert 120110210 (base 3) to base 10.
11280
What is -5078 (base 9) in base 4?
-322010
Convert 100110111 (base 3) to base 13.
31a8
What is 88b (base 12) in base 10?
1259
What is -288 (base 10) in base 6?
-1200
-11110101111101 (base 2) to base 12
-9139
32021 (base 4) to base 2
1110001001
-69a1 (base 13) to base 3
-202100102
What is 11eb (base 16) in base 9?
6256
What is 21 (base 9) in base 16?
13
What is -41161 (base 7) in base 13?
-4753
Convert -3725 (base 8) to base 13.
-bb3
-918 (base 12) to base 6
-10032
What is -21101112 (base 4) in base 5?
-2203344
Convert -1153 (base 9) to base 13.
-510
10132 (base 5) to base 13
3c4
What is 100011101100 (base 2) in base 5?
33114
11c8 (base 13) to base 15
b3a
What is -446 (base 9) in base 2?
-101101110
Convert e7 (base 15) to base 3.
22001
Convert -2020010 (base 3) to base 9.
-2203
10012321 (base 4) to base 13
7873
Convert -26363 (base 7) to base 6.
-52352
-23271 (base 9) to base 4
-3302233
-1ada (base 14) to base 6
-34400
What is -31001 (base 6) in base 9?
-5561
Convert -1852 (base 9) to base 5.
-21144
What is 286 (base 14) in base 4?
13332
What is -2400 (base 5) in base 11?
-299
Convert 1123342 (base 5) to base 16.
4ff8
What is -212200001 (base 3) in base 16?
-4366
What is -5311 (base 6) in base 11?
-997
What is -970 (base 13) in base 15?
-727
-227 (base 10) to base 13
-146
What is -3340 (base 5) in base 2?
-111010110
Convert 12114 (base 5) to base 16.
38d
What is -43198 (base 10) in base 16?
-a8be
-401126 (base 7) to base 6
-1241052
Convert -12744 (base 8) to base 9.
-7616
Convert -2ec (base 16) to base 4.
-23230
3b94 (base 12) to base 3
100102211
-12484 (base 11) to base 12
-a41b
What is 1491 (base 11) in base 6?
12511
Convert -8160 (base 11) to base 7.
-43406
Convert -2000010 (base 3) to base 7.
-4155
Convert -32286 (base 12) to base 15.
-14889
What is -1395 (base 10) in base 13?
-834
Convert 3140 (base 5) to base 12.
2b0
85d (base 14) to base 5
23101
Convert -4973 (base 10) to base 6.
-35005
Convert -23110 (base 6) to base 13.
-1656
What is 11111100100 (base 2) in base 9?
2684
4221 (base 16) to base 3
212020000
1973 (base 12) to base 10
3111
What is 45510 (base 7) in base 5?
332241
Convert 16430 (base 12) to base 15.
95e6
Convert 22212 (base 4) to base 3.
221010
What is -243 (base 13) in base 8?
-611
13e (base 15) to base 12
1b8
Convert -201012002 (base 3) to base 14.
-5152
What is -94 (base 13) in base 14?
-89
fce (base 16) to base 14
1690
29a (base 15) to base 8
1123
Convert -2457 (base 9) to base 15.
-824
What is 33140 (base 5) in base 8?
4367
What is 1240 (base 15) in base 8?
7455
What is 1838 (base 13) in base 15?
10eb
What is 2a994 (base 11) in base 10?
43784
What is 31552 (base 6) in base 15?
142b
Convert 3026 (base 9) to base 4.
202203
Convert 782 (base 10) to base 4.
30032
What is 178 (base 15) in base 3?
110112
What is 976 (base 10) in base 8?
1720
Convert 130330 (base 4) to base 10.
1852
Convert 22425 (base 6) to base 2.
110001110001
1111011111 (base 2) to base 14
50b
Convert 504 (base 6) to base 11.
158
-647 (base 11) to base 2
-1100001001
What is -4114 (base 14) in base 6?
-123450
2e9f (base 16) to base 8
27237
What is -95 (base 16) in base 8?
-225
83a9 (base 11) to base 9
16236
110344 (base 7) to base 2
100101110111011
-10126 (base 7) to base 13
-1180
What is -1122001 (base 3) in base 4?
-102211
Convert 876 